t r be f(1). Suppose 0*b - 110 = -r*b. What is the tens digit of b?
2
Let b be (8/12)/((-2)/(-3)). Let o(v) = 71*v + 1. Let g be o(b). Suppose 4*x - 5*k = g - 29, 4*k + 12 = 0. What is the units digit of x?
7
Let g(o) = o**3 + 5*o**2 - 6*o + 3. What is the units digit of g(-5)?
3
Let l = -4 + 6. Suppose 44 = -l*c + 4*c. Suppose -5*s + 18 = -c. What is the units digit of s?
8
Let g(i) = -i**3 + 14*i**2 - 14. What is the units digit of g(8)?
0
Let i be -4 - -3 - (-2 - 2767). Let p be i/(-22) - (-14)/(-77). What is the units digit of (-6)/8 - p/8?
5
Let k(n) = n + 19. Let c be k(0). Suppose -4*s + 1 = -c, -3*w + 3*s + 18 = 0. What is the units digit of w?
1
Suppose 0 = -3*q - u + 8, -36 = -4*q + u + 4*u. Let i = 10 - q. Let p = i + 7. What is the units digit of p?
3
Let t(i) = i - 4. Let x be t(6). Suppose 2*f + 2*f + 5 = -3*p, 0 = -x*f - p - 1. What is the units digit of f/3*(-2 - -8)?
2
Let b(j) = 15*j + 12. What is the units digit of b(5)?
7
Let h be 2/2 + (0 - -1). Suppose t + p = 1 + 6, 0 = 5*t - h*p. What is the units digit of t?
2
Suppose -d + 10 + 14 = -2*a, -2*d = 5*a - 21. What is the units digit of d?
8
Suppose -k + 0*k + 284 = 4*m, -2*m + 3*k + 156 = 0. What is the tens digit of m?
7
Let p(s) = 2*s - 18. What is the units digit of p(10)?
2
Let s = 89 - 175. Let d = 125 + s. What is the tens digit of d?
3
Suppose -12 = 4*n + 4, 2*t = -3*n + 82. What is the tens digit of t?
4
Let c(f) = -f**3 + 4*f**2 - 2*f + 4. Let h be c(4). What is the units digit of 6/(h - -2) + 15?
2
Let q = 2 - 2. Let c = q - -2. Suppose -4*a = -c*a - 18. What is the units digit of a?
9
Let v(n) = n + 1. Let r(g) = -g**2 + 11*g - 5. Let i(o) = -3*o + 1. Let c be i(1). Let h(d) = c*v(d) + r(d). What is the units digit of h(7)?
7
What is the tens digit of (-1 - (3 - 0)) + 301?
9
What is the units digit of 2594/14 + 5/35*-2?
5
What is the units digit of 67 - -13 - (2 - 0)?
8
Suppose -151 = -8*g + 385. What is the tens digit of g?
6
Let a = -50 + 26. Let b be 1*(a/(-3) - 2). Let r = b - 5. What is the units digit of r?
1
Let i(h) = h**2 + 6*h - 8. What is the units digit of i(-10)?
2
Let f = -14 - -23. Suppose 21 = 3*b - f. What is the units digit of b?
0
Suppose 2*w - 90 = -w. Suppose g + w = 6*g. Let l = g - 0. What is the units digit of l?
6
Let g = -115 + 249. What is the tens digit of g?
3
Let b be 0/(2 + 0/3). Suppose 0 = -2*s - b*s + 66. What is the units digit of s?
3
Suppose 3*b - 146 - 274 = 0. What is the tens digit of b?
4
Let y = 191 - 83. What is the units digit of y?
8
Suppose 4*z - 25 = 15. What is the units digit of z?
0
Suppose 4*v + 11 + 13 = 0. Let t(m) be the first derivative of -m**3/3 - 3*m**2 + 2*m + 1. What is the units digit of t(v)?
2
Let q be (1 + 0)*(0 - -1). Let h be (3 - 1)*(q - 3). What is the units digit of 2*(-1 - 6/h)?
1
Let w = 66 - 52. What is the tens digit of w?
1
Let n = 7 + -3. Suppose g + 2*g - n = z, -4*g + 16 = 4*z. What is the units digit of z?
2
What is the tens digit of (-68)/(-3)*6/4?
3
Let b be (-2)/(-6) - (-3)/(-9). Suppose k = 5*k + 5*z - 51, b = z - 3. What is the units digit of k?
9
Suppose 4*l = 3*c - 146, -69 = -c - l - 11. What is the units digit of c?
4
Let p(g) = -g**3 - 5*g**2 + 4*g - 5. What is the units digit of p(-7)?
5
Suppose -2*l + 8 + 0 = 0. Suppose 2*f + 3*k = 4*f - 40, 0 = -l*f - 2*k + 64. What is the tens digit of f?
1
Let c(r) = -212*r**3 + r + 2. What is the hundreds digit of c(-1)?
2
Let g = -7 - -92. Let o = -57 + g. What is the tens digit of o?
2
Let j(b) = 6*b**2 - 1. Let r be j(-1). Let k(q) = q**3 - 6*q**2 + 4*q + 6. Let a be k(r). What is the units digit of a*(2 + -1 - 0)?
1
Let r = -15 - -9. What is the units digit of (-3 - 40/r)*3?
1
Let h(n) be the first derivative of n**3/3 - 2*n**2 + 4*n - 2. Suppose q = 4*i - 10, 3*i - 4*q - 6 = -5. What is the units digit of h(i)?
1
Suppose 4*x - 24 = 4*i, 3*x - 8*x = 5*i. Suppose -l - 5*a = 10, 0 = x*l - 4*l + a + 14. What is the tens digit of l?
1
Let q(y) = y**2 + y + 6. Suppose -d + 3*c - 11 = 0, 2*c - 5*c = -3*d - 3. Suppose -d*g = -8*g. What is the units digit of q(g)?
6
Let b(g) = -g**2 - 13*g - 9. Let s = -29 - -18. What is the tens digit of b(s)?
1
Let m = 6 - 6. Suppose 0 = l + 2*w - 16, m = 2*l + l + 2*w - 36. What is the units digit of l?
0
Let a = 72 - 19. What is the units digit of a?
3
Suppose -5*f + 101 + 368 = 2*a, 5*f = -4*a + 463. What is the tens digit of f?
9
Suppose 7*h + 4 = 9*h. What is the units digit of h?
2
Suppose 4*j = -4*b + 16, 10 = 4*j + 3*b - 4. Let a = 5 - j. What is the units digit of a?
3
Let c be 0/(-1) - (1 + -5). Suppose -6 = -c*l - 2. What is the units digit of l?
1
What is the units digit of (4746/105)/((-1)/(2 - 7))?
6
Let r(s) = -2*s**3 + s**2 - 3*s - 2. What is the tens digit of r(-3)?
7
Let d = 2 - -12. What is the tens digit of d?
1
What is the units digit of 3*(-31)/(-3) - 2?
9
Let k = -14 - -58. What is the tens digit of k?
4
Suppose -2*b = -2*h - 12, -2*b + 0*b - h = -6. Suppose 5*z + 22 = -2*s + b*s, 0 = s - 4*z - 8. What is the units digit of s?
6
Let c be 3/(3 + (-16)/6). Suppose 4*x - 57 = -c. What is the tens digit of x?
1
Let z(b) = b**3 - 14*b**2 + 12*b + 19. Let a be z(13). Suppose -2*p + 26 = a. What is the units digit of p?
0
Let k = -5 - -7. Let r(d) = -6 + 3*d**k + 0 - 2*d**3 + 5*d**3 - 7*d - 2*d**3. What is the units digit of r(-4)?
6
Let i = 1 - -7. Let p be i/6*(-1 - -16). Let r = -13 + p. What is the units digit of r?
7
Let x(a) = -a - 1. Let l(p) = 4*p - 7. Let w(t) = -l(t) + 6*x(t). Let b be w(-1). Suppose -b = -5*j + 4. What is the units digit of j?
3
Suppose -4*b - 114 = 110. Let r be (-1346)/7 - 16/b. What is the tens digit of -3*(r/(-9))/(-4)?
1
Let p be 752/22 - (-6)/(-33). Let y be p + 4/6*3. Suppose -9 = 5*x + 11, 0 = 3*n + 3*x - y. What is the tens digit of n?
1
What is the units digit of 45/(-3)*(-9)/15?
9
Suppose -y - 3*y = -56. What is the tens digit of y?
1
Suppose 4*j - 9*i + 8*i - 993 = 0, 504 = 2*j + 2*i. What is the units digit of j?
9
Suppose -3*w + 4*i = -925, -w = -2*w + 2*i + 307. What is the tens digit of w?
1
Let m(x) = -13*x**3 + 15*x**2 + 28*x + 23. Let b(c) = 3*c**3 - 4*c**2 - 7*c - 6. Let f(o) = -9*b(o) - 2*m(o). Let g = 21 - 14. What is the units digit of f(g)?
8
Suppose -n - 3 = -6. Suppose -n*g - 16 = -7*g. What is the units digit of g?
4
Let d = -98 - -48. Let p be 2/(-8) - d/8. Suppose p*z - z = 10. What is the units digit of z?
2
Let v be ((-18)/(-4))/((-14)/(-56)). Suppose 0 = -21*g + v*g + 57. What is the tens digit of g?
1
Let g(t) = -t**2 - 7*t. Let j be g(-6). Suppose j*z = z + 230. Let w = -30 + z. What is the units digit of w?
6
Suppose -3*i = 4 - 1. What is the units digit of -2 + 6 + i - -2?
5
Let c(r) = r**3 + 11*r**2 + 10*r + 3. Let d = -21 + 11. What is the units digit of c(d)?
3
Suppose -2*k = -p - 22, 4*p - 55 = -0*k - 3*k. Let f = 18 - k. What is the units digit of f?
5
Suppose 3*z + 15 = 0, -2*z - z = -2*g + 43. What is the units digit of g?
4
Suppose -7*q + 653 = 156. What is the units digit of q?
1
Let i = 128 + -89. What is the units digit of i?
9
Let w(c) = -c**3 + 3*c**2 + 2*c. Let z be w(3). Suppose z - 32 = -2*f. What is the units digit of f?
3
Suppose -i - 4*i = -150. What is the units digit of i?
0
Suppose 2*k - 3*n = 246, -3*n + 282 = 3*k - 72. What is the tens digit of k?
2
Let h(a) = 10*a**3 + a - 1. Suppose -s - 1 = -2*s. Let q be h(s). What is the units digit of (-5)/10 - q/(-4)?
2
Let q be 1*(7 - (-16)/(-4)). What is the units digit of q + 6/(3 - 0)?
5
Let y = 10 + -22. What is the units digit of y/(-15) - 131/(-5)?
7
Suppose 3*g + 6*p - 92 = 2*p, -4*g = -5*p - 102. Suppose -4*f = v - g, 0 = 5*f - 3 - 7. What is the units digit of v?
0
Suppose -y + 76 = 3*y. What is the units digit of y?
9
Let n be (-202)/(-6) + (-2)/(-6). Suppose 2*l + 4*r + 0 = -2, l = -4*r - 7. Suppose n = l*y - 11. What is the units digit of y?
9
Suppose -12*h + 10*h + 20 = 0. What is the units digit of -1 - (-3 + (-1 - h))?
3
Let p(x) = x - 5. Let t be p(4). Let w be (-1)/1 + t + -2. Let k(l) = -3*l - 4. What is the units digit of k(w)?
8
Let f(a) = -20*a**3 - 4*a - 7. Let t(l) = 13*l**3 + 3*l + 5. Let c(k) = -5*f(k) - 7*t(k). Let i be c(-1). Let z = i + 12. What is the units digit of z?
4
Let i be 1 + 0 + (-1 - -1). What is the tens digit of i/(-